{"id":1624,"date":"2016-02-25T16:05:28","date_gmt":"2016-02-25T15:05:28","guid":{"rendered":"http:\/\/www.burgerhof.eu\/?page_id=1623"},"modified":"2016-03-01T12:26:43","modified_gmt":"2016-03-01T11:26:43","slug":"privacy","status":"publish","type":"page","link":"https:\/\/www.burgerhof.eu\/appartamento\/privacy\/","title":{"rendered":"Privacy"},"content":{"rendered":"<p><span id=\"articleText\">Il D.lgs. n. 196 del 30 giugno 2003 (&#8220;Codice in materia di protezione dei dati personali&#8221;) prevede la tutela delle persone e di altri soggetti rispetto al trattamento dei dati personali.<br \/>\nSecondo la normativa indicata, tale trattamento sar\u00e0 improntato ai principi di correttezza, liceit\u00e0 e trasparenza e di tutela della Sua riservatezza e dei Suoi diritti.<br \/>\nAi sensi dell&#8217;articolo 13 del D.lgs. n.196\/2003, pertanto, Le forniamo le seguenti informazioni:<br \/>\n1. I dati da Lei forniti verranno trattati per la fornitura di beni e servizi connessi alla c.d. &#8220;community virtuale&#8221;, nonch\u00e9 per finalit\u00e0 informative, commerciali, per la creazione di profili professionali relativi ad utenti e per ricerche di mercato.<br \/>\n2. Il trattamento sar\u00e0 effettuato con modalit\u00e0 informatizzate. I dati personali raccolti con la presente registrazione potranno essere trattati da incaricati del trattamento preposti alla gestione dei servizi richiesti ed alle attivit\u00e0 di marketing.<br \/>\n3. Il conferimento dei dati \u00e8:<br \/>\n&#8211; obbligatorio relativamente ai dati identificati come &#8220;campi obbligatori&#8221; e l&#8217;eventuale rifiuto di fornire tali dati comporter\u00e0 la mancata esecuzione della registrazione; ci\u00f2 in quanto i dati in oggetto assumono valenza identificativa ed integrante per l&#8217;adesione ai servizi c.d. di &#8220;community virtuale&#8221;, finalizzati alla promozione della discussione e dell&#8217;interazione tra partecipanti ben identificati e selezionati mediante i dati summenzionati;<br \/>\n&#8211; facoltativo relativamente ai dati identificati come &#8220;Campi servizi&#8221; e &#8220;Campi facoltativi&#8221;; l&#8217;eventuale omessa fornitura di tali dati non pregiudicher\u00e0 l&#8217;erogazione del servizio.<br \/>\n4. I dati potranno essere diffusi tramite la rete Internet esclusivamente nell&#8217;ambito del sito www.burgerhof.eu secondo le modalit\u00e0 indicate per ogni dato nel relativo modulo di registrazione, nonch\u00e9 comunicati nel perseguimento delle finalit\u00e0 sopra riportate a societ\u00e0 collegate e\/o partners commerciali, siano soggetti privati, associazioni, fondazioni, enti od organismi di tipo senza scopi di lucro, persone giuridiche, societ\u00e0 di persone o di capitali, imprese individuali, banche, clienti.<br \/>\n5. Il titolare del trattamento \u00e8 l&#8217; azienda Burgerhof &#8211; Christian &amp; Manuela Steinmairl &#8211; Via S. Anna 10 &#8211; 39030 S. Maddalena\/Casies &#8211; BZ<br \/>\n6. I dati oggetto di trattamento potranno essere trasferiti anche in Paesi dell&#8217;UE od in paesi terzi, in conformit\u00e0 all&#8217;accordo del consenso fornito anche ex. art.43 c.1 lettera a) dlgs 196\/03.<br \/>\n7. In ogni momento potr\u00e0 esercitare i Suoi diritti nei confronti del titolare del trattamento, ai sensi dell&#8217;art.7 del D.lgs.196\/2003, che per Sua comodit\u00e0 riproduciamo integralmente:<br \/>\n&#8220;Decreto Legislativo n.196\/2003,<br \/>\nArt. 7 &#8211; Diritto di accesso ai dati personali ed altri diritti<br \/>\n1. L&#8217;interessato ha diritto di ottenere la conferma dell&#8217;esistenza o meno di dati personali che lo riguardano, anche se non ancora registrati, e la loro comunicazione in forma intelligibile.<br \/>\n2. L&#8217;interessato ha diritto di ottenere l&#8217;indicazione:<br \/>\na) dell&#8217;origine dei dati personali;<br \/>\nb) delle finalit\u00e0 e modalit\u00e0 del trattamento;<br \/>\nc) della logica applicata in caso di trattamento effettuato con l&#8217;ausilio di strumenti elettronici;<br \/>\nd) degli estremi identificativi del titolare, dei responsabili e del rappresentante designato ai sensi dell&#8217;articolo 5, comma 2;<br \/>\ne) dei soggetti o delle categorie di soggetti ai quali i dati personali possono essere comunicati o che possono venirne a conoscenza in qualit\u00e0 di rappresentante designato nel territorio dello Stato, di responsabili o incaricati.<br \/>\n3. L&#8217;interessato ha diritto di ottenere:<br \/>\na) l&#8217;aggiornamento, la rettificazione ovvero, quando vi ha interesse, l&#8217;integrazione dei dati;<br \/>\nb) la cancellazione, la trasformazione in forma anonima o il blocco dei dati trattati in violazione di legge, compresi quelli di cui non \u00e8 necessaria la conservazione in relazione agli scopi per i quali i dati sono stati raccolti o successivamente trattati;<br \/>\nc) l&#8217;attestazione che le operazioni di cui alle lettere a) e b) sono state portate a conoscenza, anche per quanto riguarda il loro contenuto, di coloro ai quali i dati sono stati comunicati o diffusi, eccettuato il caso in cui tale adempimento si rivela impossibile o comporta un impiego di mezzi manifestamente sproporzionato rispetto al diritto tutelato.<br \/>\n4. L&#8217;interessato ha diritto di opporsi, in tutto o in parte:<br \/>\na) per motivi legittimi al trattamento dei dati personali che lo riguardano, ancorch\u00e9 pertinenti allo scopo della raccolta;<br \/>\nb) al trattamento di dati personali che lo riguardano a fini di invio di materiale pubblicitario o di vendita diretta o per il compimento di ricerche di mercato o di comunicazione commerciale.<\/span><\/p>\n<p>Se per iscritto non viene comunicato un eventuale disaccordo, considereremo lo Scritto accettato.<\/p>\n","protected":false},"excerpt":{"rendered":"<p>Il D.lgs. n. 196 del 30 giugno 2003 (&#8220;Codice in materia di protezione dei dati personali&#8221;) prevede la tutela delle persone e di altri soggetti rispetto al trattamento dei dati personali. Secondo la normativa indicata, tale trattamento sar\u00e0 improntato ai principi di correttezza, liceit\u00e0 e trasparenza e di tutela della Sua riservatezza e dei Suoi [&hellip;]<\/p>\n","protected":false},"author":1,"featured_media":0,"parent":0,"menu_order":0,"comment_status":"closed","ping_status":"closed","template":"","meta":{"footnotes":""},"class_list":["post-1624","page","type-page","status-publish","hentry"],"_links":{"self":[{"href":"https:\/\/www.burgerhof.eu\/appartamento\/wp-json\/wp\/v2\/pages\/1624","targetHints":{"allow":["GET"]}}],"collection":[{"href":"https:\/\/www.burgerhof.eu\/appartamento\/wp-json\/wp\/v2\/pages"}],"about":[{"href":"https:\/\/www.burgerhof.eu\/appartamento\/wp-json\/wp\/v2\/types\/page"}],"author":[{"embeddable":true,"href":"https:\/\/www.burgerhof.eu\/appartamento\/wp-json\/wp\/v2\/users\/1"}],"replies":[{"embeddable":true,"href":"https:\/\/www.burgerhof.eu\/appartamento\/wp-json\/wp\/v2\/comments?post=1624"}],"version-history":[{"count":0,"href":"https:\/\/www.burgerhof.eu\/appartamento\/wp-json\/wp\/v2\/pages\/1624\/revisions"}],"wp:attachment":[{"href":"https:\/\/www.burgerhof.eu\/appartamento\/wp-json\/wp\/v2\/media?parent=1624"}],"curies":[{"name":"wp","href":"https:\/\/api.w.org\/{rel}","templated":true}]}}

<p><span id="articleText">Il D.lgs. n. 196 del 30 giugno 2003 (&#8220;Codice in materia di protezione dei dati personali&#8221;) prevede la tutela delle persone e di altri soggetti rispetto al trattamento dei dati personali.<br />
Secondo la normativa indicata, tale trattamento sarà improntato ai principi di correttezza, liceità e trasparenza e di tutela della Sua riservatezza e dei Suoi diritti.<br />
Ai sensi dell&#8217;articolo 13 del D.lgs. n.196/2003, pertanto, Le forniamo le seguenti informazioni:<br />
1. I dati da Lei forniti verranno trattati per la fornitura di beni e servizi connessi alla c.d. &#8220;community virtuale&#8221;, nonché per finalità informative, commerciali, per la creazione di profili professionali relativi ad utenti e per ricerche di mercato.<br />
2. Il trattamento sarà effettuato con modalità informatizzate. I dati personali raccolti con la presente registrazione potranno essere trattati da incaricati del trattamento preposti alla gestione dei servizi richiesti ed alle attività di marketing.<br />
3. Il conferimento dei dati è:<br />
&#8211; obbligatorio relativamente ai dati identificati come &#8220;campi obbligatori&#8221; e l&#8217;eventuale rifiuto di fornire tali dati comporterà la mancata esecuzione della registrazione; ciò in quanto i dati in oggetto assumono valenza identificativa ed integrante per l&#8217;adesione ai servizi c.d. di &#8220;community virtuale&#8221;, finalizzati alla promozione della discussione e dell&#8217;interazione tra partecipanti ben identificati e selezionati mediante i dati summenzionati;<br />
&#8211; facoltativo relativamente ai dati identificati come &#8220;Campi servizi&#8221; e &#8220;Campi facoltativi&#8221;; l&#8217;eventuale omessa fornitura di tali dati non pregiudicherà l&#8217;erogazione del servizio.<br />
4. I dati potranno essere diffusi tramite la rete Internet esclusivamente nell&#8217;ambito del sito www.burgerhof.eu secondo le modalità indicate per ogni dato nel relativo modulo di registrazione, nonché comunicati nel perseguimento delle finalità sopra riportate a società collegate e/o partners commerciali, siano soggetti privati, associazioni, fondazioni, enti od organismi di tipo senza scopi di lucro, persone giuridiche, società di persone o di capitali, imprese individuali, banche, clienti.<br />
5. Il titolare del trattamento è l&#8217; azienda Burgerhof &#8211; Christian &amp; Manuela Steinmairl &#8211; Via S. Anna 10 &#8211; 39030 S. Maddalena/Casies &#8211; BZ<br />
6. I dati oggetto di trattamento potranno essere trasferiti anche in Paesi dell&#8217;UE od in paesi terzi, in conformità all&#8217;accordo del consenso fornito anche ex. art.43 c.1 lettera a) dlgs 196/03.<br />
7. In ogni momento potrà esercitare i Suoi diritti nei confronti del titolare del trattamento, ai sensi dell&#8217;art.7 del D.lgs.196/2003, che per Sua comodità riproduciamo integralmente:<br />
&#8220;Decreto Legislativo n.196/2003,<br />
Art. 7 &#8211; Diritto di accesso ai dati personali ed altri diritti<br />
1. L&#8217;interessato ha diritto di ottenere la conferma dell&#8217;esistenza o meno di dati personali che lo riguardano, anche se non ancora registrati, e la loro comunicazione in forma intelligibile.<br />
2. L&#8217;interessato ha diritto di ottenere l&#8217;indicazione:<br />
a) dell&#8217;origine dei dati personali;<br />
b) delle finalità e modalità del trattamento;<br />
c) della logica applicata in caso di trattamento effettuato con l&#8217;ausilio di strumenti elettronici;<br />
d) degli estremi identificativi del titolare, dei responsabili e del rappresentante designato ai sensi dell&#8217;articolo 5, comma 2;<br />
e) dei soggetti o delle categorie di soggetti ai quali i dati personali possono essere comunicati o che possono venirne a conoscenza in qualità di rappresentante designato nel territorio dello Stato, di responsabili o incaricati.<br />
3. L&#8217;interessato ha diritto di ottenere:<br />
a) l&#8217;aggiornamento, la rettificazione ovvero, quando vi ha interesse, l&#8217;integrazione dei dati;<br />
b) la cancellazione, la trasformazione in forma anonima o il blocco dei dati trattati in violazione di legge, compresi quelli di cui non è necessaria la conservazione in relazione agli scopi per i quali i dati sono stati raccolti o successivamente trattati;<br />
c) l&#8217;attestazione che le operazioni di cui alle lettere a) e b) sono state portate a conoscenza, anche per quanto riguarda il loro contenuto, di coloro ai quali i dati sono stati comunicati o diffusi, eccettuato il caso in cui tale adempimento si rivela impossibile o comporta un impiego di mezzi manifestamente sproporzionato rispetto al diritto tutelato.<br />
4. L&#8217;interessato ha diritto di opporsi, in tutto o in parte:<br />
a) per motivi legittimi al trattamento dei dati personali che lo riguardano, ancorché pertinenti allo scopo della raccolta;<br />
b) al trattamento di dati personali che lo riguardano a fini di invio di materiale pubblicitario o di vendita diretta o per il compimento di ricerche di mercato o di comunicazione commerciale.</span></p>
<p>Se per iscritto non viene comunicato un eventuale disaccordo, considereremo lo Scritto accettato.</p>

<p>Il D.lgs. n. 196 del 30 giugno 2003 (&#8220;Codice in materia di protezione dei dati personali&#8221;) prevede la tutela delle persone e di altri soggetti rispetto al trattamento dei dati personali. Secondo la normativa indicata, tale trattamento sarà improntato ai principi di correttezza, liceità e trasparenza e di tutela della Sua riservatezza e dei Suoi [&hellip;]</p>
